1253
In base 11, what is 599a + 12?
5a01
In base 4, what is 132103120321 - 11?
132103120310
In base 8, what is -3 + -33300?
-33303
In base 7, what is -5 - 11452?
-11460
In base 3, what is -2102020 + 122?
-2101121
In base 9, what is 1460 + -14?
1445
In base 3, what is -111222 + -111011021?
-111200020
In base 8, what is -401112 + -3?
-401115
In base 14, what is -1463 - -23?
-1440
In base 10, what is 600 - -667?
1267
In base 6, what is -2442 + 20431?
13545
In base 9, what is 6 + -605?
-588
In base 7, what is -301321 + -10?
-301331
In base 16, what is ab + 73?
11e
In base 14, what is -497 + -153?
-60a
In base 15, what is -14b + -1b?
-167
In base 6, what is -5013 + -1202?
-10215
In base 16, what is -1d - 20c?
-229
In base 6, what is 3 + -120201?
-120154
In base 15, what is -5 + 3a0b?
3a06
In base 10, what is -657 + 2076?
1419
In base 7, what is -5 + 402366?
402361
In base 6, what is -4 + 212041?
212033
In base 8, what is 107 - -26062?
26171
In base 8, what is -364 - -216?
-146
In base 10, what is 932 + -32?
900
In base 6, what is -5 + 1054155?
1054150
In base 14, what is -8 - d083?
-d08b
In base 5, what is 22242 - 32?
22210
In base 15, what is c03 - 41?
bb2
In base 2, what is 0 + -1101010011010111001?
-1101010011010111001
In base 3, what is 1201211 - -12?
1202000
In base 7, what is 2101106 - 11?
2101065
In base 6, what is 1240 + -304?
532
In base 13, what is 2220 - -7?
2227
In base 13, what is -37cb3 + 5?
-37cab
In base 7, what is -41 - -11651?
11610
In base 8, what is -50 - -214?
144
In base 3, what is -10 - -10102010?
10102000
In base 11, what is -23984a6 - -3?
-23984a3
In base 10, what is -9 - -338109?
338100
In base 2, what is 101 - -1011010000111?
1011010001100
In base 3, what is -12 + 12120222?
12120210
In base 12, what is 4 + 235015?
235019
In base 14, what is 258 + -55?
203
In base 5, what is -2013 + 101103?
44040
In base 14, what is 2 - -1922?
1924
In base 10, what is -10 - -300795?
300785
In base 9, what is 33274 + 3?
33277
In base 7, what is 244242 + 5?
244250
In base 4, what is -211 + 11033?
10222
In base 3, what is -11 + -220221221002?
-220221221020
In base 12, what is -2 - 309bb4?
-309bb6
In base 2, what is 101 + -1000010111001?
-1000010110100
In base 14, what is -36809 - -3?
-36806
In base 16, what is ed66 + -1d?
ed49
In base 4, what is -2222232111 - 11?
-2222232122
In base 7, what is -33520361 + -2?
-33520363
In base 16, what is 27 + -6d48?
-6d21
In base 6, what is 1514 - -50413?
52331
In base 6, what is -1050 + -33050?
-34140
In base 13, what is -8 + c95?
c8a
In base 5, what is -10 + -20310004?
-20310014
In base 5, what is -2 + 42231332?
42231330
In base 3, what is 0 - 10022022212?
-10022022212
In base 3, what is 1120 - -121011010?
121012200
In base 4, what is 101010 - -12320?
113330
In base 11, what is 9283 - 257?
9027
In base 10, what is 5 + 2897?
2902
In base 11, what is -8aa + -88?
-987
In base 5, what is 140 + 2310?
3000
In base 3, what is -22 - 22202202?
-22210001
In base 6, what is 3442 - 2551?
451
In base 12, what is -3889b8 - 1?
-3889b9
In base 9, what is -5 + -15631?
-15636
In base 11, what is -842 - -199?
-654
In base 3, what is 22 + 111110222?
111111021
In base 6, what is -10241 - 55?
-10340
In base 16, what is 995c + a?
9966
In base 11, what is -1 + 37a430?
37a42a
In base 8, what is 136 - 10475?
-10337
In base 16, what is -3e - -3e?
0
In base 9, what is 18 - 120?
-101
In base 8, what is -201203 + 4?
-201177
In base 7, what is -331460 - -6?
-331451
In base 5, what is -421013 - -3?
-421010
In base 7, what is 11544 - -501?
12345
In base 10, what is 3803 - 74?
3729
In base 16, what is 1e3f9 - 4?
1e3f5
In base 6, what is -4 - 53152?
-53200
In base 8, what is 3 + -40126?
-40123
In base 7, what is -300026 + -5?
-300034
In base 3, what is 12 - -121201200?
121201212
In base 3, what is 2001221200 - 20?
2001221110
In base 15, what is -7 - 103?
-10a
In base 15, what is -3a - 7bd?
-808
In base 13, what is 2 + -ba57?
-ba55
In base 12, what is 7 + 73082?
73089
In base 15, what is 35e + -74?
2da
In base 15, what is 0 + 1a85e6?
1a85e6
In base 4, what is -11 + 2321001?
2320330
In base 10, what is 344 - 126?
218
In base 3, what is -20 + -11211211?
-11212001
In base 15, what is 2351 + -44?
230c
In base 5, what is 134212 - 1131?
133031
In base 15, what is 8 - -de6?
dee
In base 7, what is -12504645 - -2?
-12504643
In base 8, what is -4 + 1562004?
1562000
In base 10, what is 1377 - -2?
1379
In base 7, what is -3655 - 4?
-3662
In base 16, what is -c3 + 43?
-80
In base 2, what is 101011011 - 111101000?
-10001101
In base 10, what is 303 - 298?
5
In base 12, what is 92a7 - -14?
92bb
In base 2, what is 100011100010 + -1100111?
100001111011
In base 8, what is 15 + 26257?
26274
In base 5, what is -34331 - -200?
-34131
In base 9, what is 10 - -5126?
5136
In base 12, what is 32 - 26b6?
-2684
In base 14, what is -10d0 - -5d?
-1071
In base 10, what is -21 - 20261?
-20282
In base 12, what is -2 - -34928a?
349288
In base 16, what is -9 + 750?
747
In base 7, what is -1035 + -620?
-1655
In base 6, what is -31000 - -5105?
-21451
In base 5, what is -2 - -1012011?
1012004
In base 3, what is 2122101021112 + 0?
2122101021112
In base 7, what is 1 + -33321?
-33320
In base 16, what is 13 - -27a49?
27a5c
In base 15, what is -5 - -1783b?
17836
In base 12, what is 2 - -68139?
6813b
In base 15, what is -7270 + -3?
-7273
In base 3, what is -10 - -11222000100?
11222000020
In base 4, what is -30 + -20301131?
-20301221
In base 10, what is 2 + -52905?
-52903
In base 5, what is 121412 + -20133?
101224
In base 13, what is 4917 + -4?
4913
In base 12, what is -86aa - 3?
-86b1
In base 3, what is -12210 - -11002202?
10212222
In base 9, what is -2 - -5584?
5582
In base 16, what is -2 - 3166?
-3168
In base 14, what is 2 - -88cba?
88cbc
In base 5, what is 220412011 - 0?
220412011
In base 15, what is 5e + -8?
56
In base 9, what is -4430813 + 4?
-4430808
In base 8, what is 23066055 - -2?
23066057
In base 11, what is -718 - a42?
-165a
In base 11, what is -353 - 55?
-3a8
In base 5, what is -1104041 - -30?
-1104011
In base 7, what is -3 - -1125246?
1125243
In base 11, what is -a15492 + -5?
-a15497
In base 16, what is -1 + b093e?
b093d
In base 15, what is 0 + -ae8b?
-ae8b
In base 14, what is 93 + 255?
308
In base 11, what is -4863 - aa?
-4962
In base 10, what is -55352 + -3?
-55355
In base 3, what is -111 - 20020122?
-20021010
In base 11, what is a1 - -4094?
4185
In base 5, what is 10 + 3421434?
3421444
In base 10, what is 556909 + -2?
556907
In base 12, what is -971 - 5?
-976
In base 5, what is -243 - 33121?
-33414
In base 15, what is -2ce1 - 9?
-2cea
In base 12, what is 189 + a708?
a895
In base 16, what is -b1e06 - -5?
-b1e01
In base 11, what is -54 - -1403?
135a
In base 5, what is -11242 + -34?
-11331
In base 9, what is -6774 - -1?
-6773
In base 14, what is -3d221 + 2?
-3d21d
In base 15, what is -63 - 1b83?
-1be6
In base 5, what is -100124 - 2?
-100131
In base 14, what is -5 + 1cc0d5?
1cc0d0
In base 12, what is -3a79 - -2?
-3a77
In base 8, what is 1022730 + -2?
1022726
In base 4, what is -32001011131 + 2?
-32001011123
In base 15, what is 35 + 5b?
91
In base 7, what is 13521 + 14?
13535
In base 12, what is -14b47 + 3?
-14b44
In base 7, what is 13026 + 15?
13044
In base 12, what is 3 - 23771?
-2376a
In base 10, what is -9421 + 44?
-9377
In base 9, what is -63773 - -37?
-63735
In base 13, what is ba85 - 0?
ba85
In base 6, what is -22012451 + -1?
-22012452
In base 16, what is c - bf8?
-bec
In base 12, what is -452184 + -5?
-452189
In base 4, what is -2232 - 213013?
-221311
In base 16, what is -54 + 7cf?
77b
In base 3, what is 10102 - 12011?
-1202
In base 6, what is -104 - 12204?
-12312
In base 6, what is 2212411 - -4?
2212415
In base 10, what is -29 + -61?
-90
In base 9, what is -2 + -107556?
-107558
In base 16, what is 1010 + 1c?
102c
In base 4, what is -230003 - 1003?
-231012
In base 9, what is -2043 + -16?
-2060
In base 4, what is 10 + -32333223?
-32333213
In base 14, what is aada + -1d?
aabb
In base 15, what is -4 + 16aa?
16a6
In base 10, what is -2 + 5233?
5231
In base 4, what is 1022113 + 2023?
1030202
In base 12, what is 3 + 78545?
78548
In base 8, what is 65553 - -331?
66104
In base 9, what is -203 + -1335?
-1538
In base 3, what is -12020022011 - 12?
-12020022100
In base 4, w